{"id":186,"date":"2018-04-20T17:07:53","date_gmt":"2018-04-20T15:07:53","guid":{"rendered":"https:\/\/www.docteur-ghibaudo.com\/?page_id=186"},"modified":"2018-11-29T14:37:17","modified_gmt":"2018-11-29T13:37:17","slug":"traitement-rides-botox","status":"publish","type":"page","link":"https:\/\/www.docteur-ghibaudo.com\/index.php\/traitement-rides-botox\/","title":{"rendered":"Traitement des rides : Botox\u00ae"},"content":{"rendered":"<p><div class=\"fusion-fullwidth fullwidth-box fusion-builder-row-1 nonhundred-percent-fullwidth non-hundred-percent-height-scrolling\" style=\"--awb-border-radius-top-left:0px;--awb-border-radius-top-right:0px;--awb-border-radius-bottom-right:0px;--awb-border-radius-bottom-left:0px;--awb-flex-wrap:wrap;\" ><div class=\"fusion-builder-row fusion-row\"><div class=\"fusion-layout-column fusion_builder_column fusion-builder-column-0 fusion_builder_column_1_1 1_1 fusion-one-full fusion-column-first fusion-column-last\" style=\"--awb-bg-size:cover;--awb-margin-bottom:30px;\"><div class=\"fusion-column-wrapper fusion-flex-column-wrapper-legacy\"><div class=\"fusion-image-element fusion-image-align-center in-legacy-container\" style=\"text-align:center;--awb-caption-title-font-family:var(--h2_typography-font-family);--awb-caption-title-font-weight:var(--h2_typography-font-weight);--awb-caption-title-font-style:var(--h2_typography-font-style);--awb-caption-title-size:var(--h2_typography-font-size);--awb-caption-title-transform:var(--h2_typography-text-transform);--awb-caption-title-line-height:var(--h2_typography-line-height);--awb-caption-title-letter-spacing:var(--h2_typography-letter-spacing);\"><div class=\"imageframe-align-center\"><span class=\" fusion-imageframe imageframe-none imageframe-1 hover-type-none\" style=\"border-radius:10px;\"><img decoding=\"async\" width=\"888\" height=\"436\" alt=\"epilation laser\" title=\"traitement-rides-botox\" src=\"https:\/\/www.docteur-ghibaudo.com\/wp-content\/uploads\/2018\/04\/traitement-rides-botox.jpg\" class=\"img-responsive wp-image-187\" srcset=\"https:\/\/www.docteur-ghibaudo.com\/wp-content\/uploads\/2018\/04\/traitement-rides-botox-200x98.jpg 200w, https:\/\/www.docteur-ghibaudo.com\/wp-content\/uploads\/2018\/04\/traitement-rides-botox-400x196.jpg 400w, https:\/\/www.docteur-ghibaudo.com\/wp-content\/uploads\/2018\/04\/traitement-rides-botox-600x295.jpg 600w, https:\/\/www.docteur-ghibaudo.com\/wp-content\/uploads\/2018\/04\/traitement-rides-botox-800x393.jpg 800w, https:\/\/www.docteur-ghibaudo.com\/wp-content\/uploads\/2018\/04\/traitement-rides-botox.jpg 888w\" sizes=\"(max-width: 800px) 100vw, 888px\" \/><\/span><\/div><\/div><div class=\"fusion-clearfix\"><\/div><\/div><\/div><div class=\"fusion-layout-column fusion_builder_column fusion-builder-column-1 fusion_builder_column_1_1 1_1 fusion-one-full fusion-column-first fusion-column-last max-710px\" style=\"--awb-bg-size:cover;--awb-margin-top:50px;\"><div class=\"fusion-column-wrapper fusion-flex-column-wrapper-legacy\"><div class=\"fusion-text fusion-text-1\"><h2 class=\"titre-chapitre\">Le Botox : traitement des rides d\u2019expression du visage<\/h2>\n<h3 class=\"chapeau\"><span style=\"color: #453841;\">Le botox ou toxine botulique traite les rides d\u2019expression du visage en diminuant l\u2019action des muscles qui les cr\u00e9ent. Elle ne remplit pas des rides comme les injections de comblement mais d\u00e9tend les zones trait\u00e9es.<\/span><\/h3>\n<\/div><div class=\"fusion-clearfix\"><\/div><\/div><\/div><\/div><\/div><div class=\"fusion-fullwidth fullwidth-box fusion-builder-row-2 nonhundred-percent-fullwidth non-hundred-percent-height-scrolling\" style=\"--awb-border-radius-top-left:0px;--awb-border-radius-top-right:0px;--awb-border-radius-bottom-right:0px;--awb-border-radius-bottom-left:0px;--awb-padding-top:30px;--awb-padding-bottom:30px;--awb-margin-bottom:60px;--awb-background-color:#e2e0e0;--awb-flex-wrap:wrap;\" ><div class=\"fusion-builder-row fusion-row\"><div class=\"fusion-layout-column fusion_builder_column fusion-builder-column-2 fusion_builder_column_1_1 1_1 fusion-one-full fusion-column-first fusion-column-last max-710px\" style=\"--awb-bg-size:cover;\"><div class=\"fusion-column-wrapper fusion-flex-column-wrapper-legacy\"><div class=\"fusion-text fusion-text-2\"><h3 style=\"text-align: center;\">Qu&rsquo;est ce que le Botox\u00ae?<\/h3>\n<p style=\"text-align: center;\"><div class=\"fusion-sep-clear\"><\/div><div class=\"fusion-separator fusion-full-width-sep\" style=\"margin-left: auto;margin-right: auto;width:100%;\"><div class=\"fusion-separator-border sep-double sep-solid\" style=\"--awb-height:20px;--awb-amount:20px;--awb-sep-color:#c7c3c3;border-color:#c7c3c3;border-top-width:1px;border-bottom-width:1px;\"><\/div><\/div><div class=\"fusion-sep-clear\"><\/div><\/p>\n<p style=\"text-align: justify;\">Le botox est le nom \u00ab populaire \u00bb d\u2019un m\u00e9dicament : la toxine botulinique. Ce m\u00e9dicament utilis\u00e9 depuis plus de 25 ans pour soigner des millions de malades en ophtalmologie, en neurologie, en p\u00e9diatrie dans le monde entier, est aussi utilis\u00e9 depuis 1989 en esth\u00e9tique et ce, \u00e0 des doses beaucoup plus faibles.<\/p>\n<\/div><div class=\"fusion-clearfix\"><\/div><\/div><\/div><\/div><\/div><div class=\"fusion-fullwidth fullwidth-box fusion-builder-row-3 nonhundred-percent-fullwidth non-hundred-percent-height-scrolling\" style=\"--awb-border-radius-top-left:0px;--awb-border-radius-top-right:0px;--awb-border-radius-bottom-right:0px;--awb-border-radius-bottom-left:0px;--awb-flex-wrap:wrap;\" ><div class=\"fusion-builder-row fusion-row\"><div class=\"fusion-layout-column fusion_builder_column fusion-builder-column-3 fusion_builder_column_1_1 1_1 fusion-one-full fusion-column-first fusion-column-last max-710px\" style=\"--awb-bg-size:cover;\"><div class=\"fusion-column-wrapper fusion-flex-column-wrapper-legacy\"><div class=\"fusion-text fusion-text-3\"><p style=\"text-align: justify;\">Il entra\u00eene une relaxation contr\u00f4l\u00e9e du muscle inject\u00e9 de fa\u00e7on pr\u00e9cise, temporaire et r\u00e9versible, ce qui lui conf\u00e8re une grande s\u00e9curit\u00e9 entre des mains expertes.<\/p>\n<h3>Quels sont les b\u00e9n\u00e9fices du Botox\u00ae ?<\/h3>\n<p style=\"text-align: justify;\">Il permet de relaxer les rides d\u2019expression. Il estompe les rides du lion, du front et de la patte d&rsquo;oie, tout en <strong>conservant un aspect naturel sans figer les expressions. Il corrige un air triste ou fatigu\u00e9<\/strong>, ouvre le regard par la correction de la position des sourcils: le regard est sublim\u00e9.<\/p>\n<p style=\"text-align: justify;\">La r\u00e9gularit\u00e9 des s\u00e9ances de traitement permet une action pr\u00e9ventive sur le vieillissement.<\/p>\n<h3>Comment se d\u00e9roule le traitement ?<\/h3>\n<p style=\"text-align: justify;\">Le docteur GHIBAUDO utilise la toxine botulique Azzalure\u00b0 de marque fran\u00e7aise Galderma.<\/p>\n<p style=\"text-align: justify;\">Le traitement consiste en une s\u00e9rie d&rsquo;injections r\u00e9alis\u00e9es avec une aiguille tr\u00e8s fine dans les muscles de la peau responsables des rides d&rsquo;expression. Ces micro-injections ne n\u00e9cessitent pas d&rsquo;anesth\u00e9sie et permettent la <strong>reprise imm\u00e9diate de vos activit\u00e9s<\/strong>.<\/p>\n<p style=\"text-align: justify;\">Les effets du botox ne sont visibles qu\u2019au bout de 4 \u00e0 6 jours avec lissage spontan\u00e9 des rides trait\u00e9es : le front se lisse, la ride du lion se relaxe et perd son caract\u00e8re s\u00e9v\u00e8re et triste. Les plis des pattes d\u2019oie sont tr\u00e8s diminu\u00e9s, le regard s\u2019ouvre et donne un effet bonne mine, moins fatigu\u00e9.<\/p>\n<p style=\"text-align: justify;\">Le docteur GHIBAUDO vous remettra un document \u00e9crit comportant les dates de vos injections et les recommandations \u00e0 suivre apr\u00e8s la s\u00e9ance.<\/p>\n<h3>Quelle est la dur\u00e9e d&rsquo;action du Botox ?<\/h3>\n<p style=\"text-align: justify;\">Les effets durent entre 4 \u00e0 6 mois environ. Les r\u00e9sultats se prolongent plus longtemps avec la r\u00e9p\u00e9tition des injections (6 \u00e0 10 mois). Les 2 premi\u00e8res ann\u00e9es il faudra pr\u00e9voir 1 injection tous les 4 mois environ.<\/p>\n<p style=\"text-align: justify;\">Avec le temps, les muscles de la face se d\u00e9tendent et les injections peuvent \u00eatre espac\u00e9es.<\/p>\n<p style=\"text-align: justify;\">En cas de peau \u00e9paisse ou de \u201ccassure profonde\u201d, il peut \u00eatre n\u00e9cessaire de r\u00e9aliser d\u2019autres techniques (comblement d&rsquo;acide hyaluronique) pour optimiser le r\u00e9sultat ;<\/p>\n<p style=\"text-align: justify;\">Votre dermatologue adaptera les doses, leurs fr\u00e9quences et les traitements associ\u00e9s.<\/p>\n<p style=\"text-align: justify;\">Des photos avant\/apr\u00e8s l&rsquo;intervention seront prises dans un but de suivi.<\/p>\n<\/div><div class=\"fusion-clearfix\"><\/div><\/div><\/div><\/div><\/div><div class=\"fusion-fullwidth fullwidth-box fusion-builder-row-4 nonhundred-percent-fullwidth non-hundred-percent-height-scrolling\" style=\"--awb-border-radius-top-left:0px;--awb-border-radius-top-right:0px;--awb-border-radius-bottom-right:0px;--awb-border-radius-bottom-left:0px;--awb-padding-top:30px;--awb-padding-bottom:30px;--awb-margin-bottom:60px;--awb-background-color:#e2e0e0;--awb-flex-wrap:wrap;\" ><div class=\"fusion-builder-row fusion-row\"><div class=\"fusion-layout-column fusion_builder_column fusion-builder-column-4 fusion_builder_column_1_1 1_1 fusion-one-full fusion-column-first fusion-column-last max-710px\" style=\"--awb-bg-size:cover;\"><div class=\"fusion-column-wrapper fusion-flex-column-wrapper-legacy\"><div class=\"fusion-text fusion-text-4\"><h3 style=\"text-align: center;\">Conseil<\/h3>\n<p style=\"text-align: center;\"><div class=\"fusion-sep-clear\"><\/div><div class=\"fusion-separator fusion-full-width-sep\" style=\"margin-left: auto;margin-right: auto;width:100%;\"><div class=\"fusion-separator-border sep-double sep-solid\" style=\"--awb-height:20px;--awb-amount:20px;--awb-sep-color:#c7c3c3;border-color:#c7c3c3;border-top-width:1px;border-bottom-width:1px;\"><\/div><\/div><div class=\"fusion-sep-clear\"><\/div>\n<strong>Avant le traitement<\/strong><\/p>\n<p>\u00c9viter tous les facteurs favorisant les \u00ab bleus \u00bb : aspirine, anti inflammatoires, om\u00e9ga 3 et 6 et, surtout anticoagulants.<\/p>\n<p><strong>Conseils apr\u00e8s traitement<\/strong><\/p>\n<p>Les suites sont simples : rougeur et boursouflure disparaissent en 1 \u00e0 2 heures et sont camouflables par du maquillage.<\/p>\n<p>Il est pr\u00e9f\u00e9rable d\u2019\u00e9viter les sports violents apr\u00e8s la s\u00e9ance.<\/p>\n<p>Il est conseill\u00e9 d\u2019\u00e9viter le massage et la manipulation de la zone inject\u00e9e, les positions t\u00eate en bas, le sport intensif et les vibrations, l\u2019avion, le sauna et hammam durant 24H .<\/p>\n<\/div><div class=\"fusion-clearfix\"><\/div><\/div><\/div><\/div><\/div><div class=\"fusion-fullwidth fullwidth-box fusion-builder-row-5 nonhundred-percent-fullwidth non-hundred-percent-height-scrolling\" style=\"--awb-border-radius-top-left:0px;--awb-border-radius-top-right:0px;--awb-border-radius-bottom-right:0px;--awb-border-radius-bottom-left:0px;--awb-flex-wrap:wrap;\" ><div class=\"fusion-builder-row fusion-row\"><div class=\"fusion-layout-column fusion_builder_column fusion-builder-column-5 fusion_builder_column_1_1 1_1 fusion-one-full fusion-column-first fusion-column-last max-710px\" style=\"--awb-bg-size:cover;\"><div class=\"fusion-column-wrapper fusion-flex-column-wrapper-legacy\"><div class=\"fusion-text fusion-text-5\"><h3>Contre-indications<\/h3>\n<p style=\"text-align: justify;\">Les patients pr\u00e9sentant des maladies neuro musculaires type myasth\u00e9nie ou scl\u00e9rose lat\u00e9rale amyotrophique, les femmes enceintes ou allaitantes, les ant\u00e9c\u00e9dents d\u2019allergie \u00e0 l\u2019\u0153uf, l\u2019association avec certains antibiotiques (aminosides) sont des contre-indications \u00e0 l\u2019utilisation de la toxine botulique.<\/p>\n<h3>Peut-on associer le Botox\u00ae \u00e0 d&rsquo;autres traitements antivieillissement ?<\/h3>\n<p style=\"text-align: justify;\">Ce traitement peut parfaitement \u00eatre associ\u00e9 \u00e0 d&rsquo;autres m\u00e9thodes : comblement des rides, peelings, laser. Un diagnostic personnalis\u00e9 permettra de vous recommander le plan de traitement le mieux adapt\u00e9 \u00e0 votre cas.<\/p>\n<h3>Quels sont les m\u00e9decins habilit\u00e9s \u00e0 injecter le Botox\u00ae?<\/h3>\n<p style=\"text-align: justify;\">En France, les cinq sp\u00e9cialistes autoris\u00e9s \u00e0 injecter le Botox\u00ae en esth\u00e9tique sont les <strong>dermatologues<\/strong>, les ophtalmologues, les chirurgiens plasticiens, les chirurgiens de la face et du cou et les chirurgiens maxillo-faciaux.<\/p>\n<\/div><div class=\"fusion-clearfix\"><\/div><\/div><\/div><\/div><\/div><div class=\"fusion-fullwidth fullwidth-box fusion-builder-row-6 nonhundred-percent-fullwidth non-hundred-percent-height-scrolling\" style=\"--awb-border-radius-top-left:0px;--awb-border-radius-top-right:0px;--awb-border-radius-bottom-right:0px;--awb-border-radius-bottom-left:0px;--awb-padding-bottom:20px;--awb-flex-wrap:wrap;\" id=\"boutons-fin\" ><div class=\"fusion-builder-row fusion-row\"><div class=\"fusion-layout-column fusion_builder_column fusion-builder-column-6 fusion_builder_column_1_1 1_1 fusion-one-full fusion-column-first fusion-column-last max-710px\" style=\"--awb-bg-size:cover;\"><div class=\"fusion-column-wrapper fusion-flex-column-wrapper-legacy\"><div class=\"fusion-image-element fusion-image-align-center in-legacy-container\" style=\"text-align:center;--awb-caption-title-font-family:var(--h2_typography-font-family);--awb-caption-title-font-weight:var(--h2_typography-font-weight);--awb-caption-title-font-style:var(--h2_typography-font-style);--awb-caption-title-size:var(--h2_typography-font-size);--awb-caption-title-transform:var(--h2_typography-text-transform);--awb-caption-title-line-height:var(--h2_typography-line-height);--awb-caption-title-letter-spacing:var(--h2_typography-letter-spacing);\"><div class=\"imageframe-align-center\"><span class=\" fusion-imageframe imageframe-none imageframe-2 hover-type-none\"><img decoding=\"async\" width=\"81\" height=\"27\" title=\"ornement\" src=\"https:\/\/www.docteur-ghibaudo.com\/wp-content\/uploads\/2018\/04\/ornement.png\" alt class=\"img-responsive wp-image-48\"\/><\/span><\/div><\/div><div class=\"fusion-clearfix\"><\/div><\/div><\/div><div class=\"fusion-layout-column fusion_builder_column fusion-builder-column-7 fusion_builder_column_1_1 1_1 fusion-one-full fusion-column-first fusion-column-last max-710px\" style=\"--awb-bg-size:cover;--awb-margin-top:30px;\"><div class=\"fusion-column-wrapper fusion-flex-column-wrapper-legacy\"><div class=\"fusion-text fusion-text-6\"><p style=\"text-align: center;\"><a class=\"boutonrond marron\" href=\"?page_id=122\">Consulter les tarifs<\/a> <a class=\"boutonrond beige\" href=\"?page_id=119\"><i class=\"fb-icon-element-1 fb-icon-element fontawesome-icon fa fa-phone circle-no fusion-text-flow\" style=\"--awb-font-size:20px;--awb-margin-right:10px;\"><\/i>Prendre RDV<\/a><\/p>\n<\/div><div class=\"fusion-clearfix\"><\/div><\/div><\/div><\/div><\/div><div class=\"fusion-fullwidth fullwidth-box fusion-builder-row-7 fusion-parallax-none nonhundred-percent-fullwidth non-hundred-percent-height-scrolling\" style=\"--awb-background-position:left center;--awb-border-radius-top-left:0px;--awb-border-radius-top-right:0px;--awb-border-radius-bottom-right:0px;--awb-border-radius-bottom-left:0px;--awb-padding-top:50px;--awb-padding-bottom:25px;--awb-background-color:#645b58;--awb-background-image:url(&quot;https:\/\/www.docteur-ghibaudo.com\/wp-content\/uploads\/2018\/04\/disclaimer-bg.jpg&quot;);--awb-background-size:cover;--awb-flex-wrap:wrap;\" id=\"disclaimer-home\" ><div class=\"fusion-builder-row fusion-row\"><div class=\"fusion-layout-column fusion_builder_column fusion-builder-column-8 fusion_builder_column_1_2 1_2 fusion-one-half fusion-column-first\" style=\"--awb-bg-size:cover;width:50%;width:calc(50% - ( ( 4% ) * 0.5 ) );margin-right: 4%;\"><div class=\"fusion-column-wrapper fusion-flex-column-wrapper-legacy\"><div class=\"fusion-clearfix\"><\/div><\/div><\/div><div class=\"fusion-layout-column fusion_builder_column fusion-builder-column-9 fusion_builder_column_1_2 1_2 fusion-one-half fusion-column-last\" style=\"--awb-bg-size:cover;width:50%;width:calc(50% - ( ( 4% ) * 0.5 ) );\"><div class=\"fusion-column-wrapper fusion-flex-column-wrapper-legacy\"><div class=\"fusion-text fusion-text-7\"><p style=\"text-align: justify;\">Les actes esth\u00e9tiques ne sont pas pris en charge par la s\u00e9curit\u00e9 sociale : Aucun remboursement n&rsquo;est possible et aucun arr\u00eat de travail ne pourra \u00eatre accord\u00e9 pour les actes \u00e0 vis\u00e9e esth\u00e9tique.<\/p>\n<p style=\"text-align: justify;\"><strong>Chaque traitement r\u00e9alis\u00e9 par le DR. GHIBAUDO, est soumis \u00e0 une consultation pr\u00e9alable avec le m\u00e9decin qui comprend un examen clinique complet, la prise de photographies, et la remise d\u2019un devis et du consentement \u00e9clair\u00e9.<\/strong><\/p>\n<p>Ascenseur non accessible aux fauteuils roulants.<\/p>\n<\/div><div class=\"fusion-clearfix\"><\/div><\/div><\/div><\/div><\/div><\/p>\n","protected":false},"excerpt":{"rendered":"","protected":false},"author":1,"featured_media":0,"parent":0,"menu_order":0,"comment_status":"closed","ping_status":"closed","template":"100-width.php","meta":{"footnotes":""},"class_list":["post-186","page","type-page","status-publish","hentry"],"_links":{"self":[{"href":"https:\/\/www.docteur-ghibaudo.com\/index.php\/wp-json\/wp\/v2\/pages\/186","targetHints":{"allow":["GET"]}}],"collection":[{"href":"https:\/\/www.docteur-ghibaudo.com\/index.php\/wp-json\/wp\/v2\/pages"}],"about":[{"href":"https:\/\/www.docteur-ghibaudo.com\/index.php\/wp-json\/wp\/v2\/types\/page"}],"author":[{"embeddable":true,"href":"https:\/\/www.docteur-ghibaudo.com\/index.php\/wp-json\/wp\/v2\/users\/1"}],"replies":[{"embeddable":true,"href":"https:\/\/www.docteur-ghibaudo.com\/index.php\/wp-json\/wp\/v2\/comments?post=186"}],"version-history":[{"count":6,"href":"https:\/\/www.docteur-ghibaudo.com\/index.php\/wp-json\/wp\/v2\/pages\/186\/revisions"}],"predecessor-version":[{"id":323,"href":"https:\/\/www.docteur-ghibaudo.com\/index.php\/wp-json\/wp\/v2\/pages\/186\/revisions\/323"}],"wp:attachment":[{"href":"https:\/\/www.docteur-ghibaudo.com\/index.php\/wp-json\/wp\/v2\/media?parent=186"}],"curies":[{"name":"wp","href":"https:\/\/api.w.org\/{rel}","templated":true}]}}